mmon factor of w and 190.
38
Let o(q) = 249*q + 530. Let s be o(-2). Calculate the highest common factor of 928 and s.
32
Suppose 18*j - 30 = 20*j. Let l = 14 - j. Suppose 5*i - 551 = 174. Calculate the greatest common divisor of l and i.
29
Suppose -545*r + 6432 = -143*r. What is the greatest common divisor of 38032 and r?
16
Let m(p) = -p**3 + 64*p**2 - 336*p + 12. Let z be m(6). What is the greatest common factor of 2800 and z?
28
Let m(y) = -y**2 + 68*y - 460. Let a be m(54). Calculate the highest common factor of a and 1517.
37
Suppose -3*d + 0*x = -2*x - 100, 3*d + x - 112 = 0. Suppose -165*j - 32*j + 8865 = 0. What is the greatest common divisor of j and d?
9
Suppose -2*z + 2*q = -13898, -43885 = -4*z + q - 16092. What is the highest common divisor of 36 and z?
36
Let s = 922 + -1291. Let m = -308 - s. Calculate the highest common factor of m and 1.
1
Suppose 0 = -63*i - 60 + 312. Calculate the highest common divisor of i and 164.
4
Let f(z) be the first derivative of z**3 - 21*z**2/2 + 12*z - 68. Let l be f(7). What is the highest common factor of l and 96?
12
Suppose -6*q + 15 = -3*q. Let m(k) = 2*k**2 + 5*k - 6. Let g be m(-3). Let w be (5/g)/(2/(-18)). Calculate the greatest common divisor of w and q.
5
Let y = 25724 - 8858. Let t be y/351*3 + (-4)/26. Calculate the greatest common factor of 18 and t.
18
Let m be 17 + (-10)/5 + -2 - (150 - 187). Suppose 3*s = 8*s - 375. What is the greatest common divisor of m and s?
25
Suppose 2695 = 3878*h - 3778*h - 505. Calculate the greatest common divisor of 3064 and h.
8
Let s(w) = 3*w**2 + 15*w + 9. Let g be s(-14). Let y = 557 - g. Calculate the greatest common factor of y and 68.
34
Suppose -4*z = -34 - 26. Suppose 3*p + 21 = -4*l - z, -p = 5*l + 34. Let a(q) = -7*q - 20. Let t be a(l). Calculate the greatest common divisor of t and 22.
22
Let b(t) = -5*t**2 - 289*t + 21. Let c be b(-56). Suppose 0 = -5*f - 3*w + 61, w - 64 = -5*f - w. Calculate the highest common divisor of c and f.
7
Let p be (-1)/(-4) + 158/8. Let t be (-532)/70*(-15)/6. Suppose p = -t*y + 21*y. What is the greatest common divisor of 40 and y?
10
Let y be 316/26 + 128/(-832). Calculate the highest common divisor of 7116 and y.
12
Let j(q) = 119*q + 1. Let k be j(1). Suppose 5*f = 5*r - 3*r + 612, -r - k = -f. Let n = f - 36. What is the highest common factor of 44 and n?
44
Suppose 8 = 5*f - 17. Suppose 5*v - 3*n - 226 = 0, -27 = -v + f*n + 5. Let k be 8/(-60) - v/(-15). Calculate the highest common factor of 24 and k.
3
Let r = -4421 + 4596. Calculate the greatest common factor of 63 and r.
7
Suppose 74475 = 4*j + x, 3*j + 2*x - 60416 + 4561 = 0. What is the greatest common divisor of 43 and j?
43
Let d(l) = 2*l**2 - 177*l + 3247. Let g be d(16). Calculate the greatest common factor of 12 and g.
3
Let y(w) = 97*w**2 - 40*w + 80. Let k be y(2). Calculate the highest common factor of k and 20.
4
Let v be 37 - (3 + -3)/(-2*(-1)/(-1)). Calculate the highest common divisor of v and 5513.
37
Suppose 0 = -3*s - 5*n + 630, 0 = 2*s - 5*n - 48 - 372. Let d be 3 + 1 + (13 - 2). Calculate the greatest common divisor of s and d.
15
Let b = 56 - -5. Suppose 4*c - b = 3*x, 0 = -c - x - 0*x + 10. Suppose -5*z - 31 + 486 = 0. What is the greatest common factor of z and c?
13
Let k = -2 + 5. Suppose u - 14 = 2*b + 3*b, -4*u = b + 7. Let m be u*k + 23 + 12. What is the greatest common divisor of 128 and m?
32
Let l(h) = -7*h**3 - h**2 - 3*h - 2. Let q be l(-2). Suppose 20*m = 16*m + q. Let b be 27/(-63) + 188/m. Calculate the greatest common factor of 117 and b.
13
Let v = 53 - 29. Suppose 5*k = 53 + 27. Suppose 96 = k*u - 10*u. What is the highest common factor of v and u?
8
Let d = 1313 - -12295. What is the greatest common factor of d and 56?
56
Suppose 3*a + 430 = 5*j, -1626*j = -1621*j - 5*a - 430. Calculate the highest common divisor of 86 and j.
86
Let k = 79 - 2. Suppose -136 = k*i - 81*i. What is the highest common divisor of 85 and i?
17
Let z(g) = -2*g - g**2 - 11*g + 17 + 8*g. Let q be z(-7). Suppose 4*x = -2*t + 2*x + 28, q*x + 6 = 0. Calculate the greatest common factor of t and 40.
8
Let d be -12 - (7/21*-15 - 28044). Calculate the greatest common factor of 159 and d.
53
Suppose -2064968 + 785276 = -82*l. Calculate the greatest common divisor of l and 289.
289
Suppose -83*m + 2733 = -80*m. Suppose -m = -4*l + 3*g, -g = -2*l + 562 - 109. Calculate the highest common divisor of 14 and l.
14
Let d be (65/(-20)*(-730)/(-2))/((-2)/8). Calculate the highest common divisor of d and 219.
73
Suppose 4*f + 10 = 5*f. Let o(r) = r**3 - 100*r**2 + 210*r - 952. Let x be o(98). Suppose f*n = -4*n + x. Calculate the greatest common divisor of n and 40.
10
Suppose 5*t - 76 = -2*m, -9*t + 155 = -0*m + m. Calculate the greatest common divisor of 4149 and t.
9
Let f = -414 + 414. Suppose f*d + 10 = 5*d, -34 = -2*c + 4*d. Calculate the highest common divisor of 777 and c.
21
Let n(d) = -d**2 - 11*d + 29. Let y be n(-13). Suppose 2*f - a = 119, 5*f + y*a + 2*a = 275. Let u = -46 + f. Calculate the greatest common divisor of u and 3.
3
Let r be 0 + 2 - (2 + (-360)/3). Let s be 1/((-1)/r)*(-18)/24. What is the greatest common divisor of 135 and s?
45
Let j(d) = -2*d**2 + 35*d + 63. Let i be j(13). Calculate the highest common divisor of 76 and i.
4
Let l be (16 - 26) + 38*947/2. Calculate the greatest common divisor of 49 and l.
49
Suppose 2031 = -7*s - 1119. Let i be 10/8*2 - s/12. Calculate the greatest common factor of 90 and i.
10
Let u be 6/14 + 10/((-420)/18). Let d be (252 + u)*(-12)/(-9). What is the greatest common divisor of 21 and d?
21
Suppose 32*p - 172 - 84 = 0. Suppose -188 = -p*v - 4. What is the greatest common factor of v and 575?
23
Let x be 153 + 1/(5/(-5)). Suppose -3*b = 4*o - 236, -5*b = o - 316 - 66. Suppose -7*j = -3*j - b. What is the greatest common divisor of x and j?
19
Suppose -2*d - 18 = -32*i + 31*i, 3*i = -13*d - 60. What is the greatest common divisor of i and 208?
2
Suppose -5*s = -5*c - 155, -4*s = 2*c + 20 - 108. What is the greatest common factor of 41 and s?
1
Let c = -1399 - -247. Let n be ((-34)/4)/(36/c). Calculate the greatest common factor of n and 102.
34
Suppose -689 = -6*p - 18*p - 29*p. What is the highest common factor of p and 19123?
13
Let i(x) = -x**3 - 27*x**2 - 13*x - 171. Let a be i(-27). Calculate the highest common factor of a and 1845.
45
Let m(q) = -q**3 - 73*q**2 - 119*q + 156. Let o be m(-73). Calculate the greatest common divisor of o and 37.
37
Suppose -61*p + 83*p = 462. What is the greatest common divisor of p and 105?
21
Suppose -2*i - 2 = 0, -26*x + 22*x + 4*i + 192 = 0. Suppose 14*u + 396 = x*u. Calculate the greatest common factor of u and 708.
12
Let w(z) = -3*z**2 - 244*z - 57. Let q be w(-81). What is the highest common divisor of q and 2536?
8
Suppose 3*k = -i + 1846, -23*k + 626 = -22*k + 3*i. Let f = k + -613. Calculate the highest common divisor of 61 and f.
1
Let g(u) = -17*u**3 + 3*u**2 + 2*u. Let d be g(-2). Let j(q) = -15*q**3 + 3*q**2 - 65*q - 67. Let z be j(-1). What is the highest common divisor of z and d?
16
Suppose -2245 = -2*k + 4*m + 10613, 4*m + 32187 = 5*k. Calculate the highest common divisor of k and 17.
17
Let v be (0 - -1)/(10/80). Suppose -4346 = -8*k - 3610. What is the highest common divisor of v and k?
4
Let m be 7 + (-5)/((-10)/(-4)). Let i = m - -2. Suppose -8 = -4*z, -3*u - 5 = 10*z - 14*z. Calculate the greatest common divisor of i and u.
1
Let q be -2 + 13 + -32 + (13 - -21875). Calculate the highest common divisor of 74 and q.
37
Let g = 3145 - 2841. What is the highest common factor of 247 and g?
19
Let m(f) = 183*f**2 + 552*f - 3275. Let u be m(6). What is the highest common factor of 250 and u?
125
Let x(s) = s - 27. Let w(q) = q**3 - 2*q**2 - 8*q + 4. Let z be w(3). Let g be x(z). Let c = 40 + g. What is the greatest common divisor of c and 32?
2
Let k = 180 + -180. Suppose -22*i + 29*i - 49 = k. What is the greatest common factor of i and 3?
1
Suppose 0 = -6*v + 2*v - 4*p + 20, -v = -5*p + 1. Suppose -11*x + 49 = -v*x. Let k be x/6 - 24/144. Calculate the greatest common divisor of 3 and k.
1
Let f = 182 - 534. Let m be (-48)/(f/(-1120) - (-6)/(-10)). Calculate the greatest common factor of 84 and m.
84
Let k = -41 + 30. Let v(z) = 2*